). Give g(k).
4
Let x be -6 + (4 - (-9 - -1)). Let r(m) be the first derivative of -2*m + x - m**2 - 4/3*m**3 + 1/4*m**4. Determine r(5).
13
Let t(j) = -j**2 + 12*j + 76. Let h be t(-5). Let q(c) be the second derivative of -c**3/6 - 2*c**2 - c + 4. Determine q(h).
5
Let w(p) = -3128*p - 5*p**3 + 3083*p - 5*p**3 + 9*p**3 + 1 - 14*p**2. Give w(-9).
1
Let y(h) = -3*h**2 + h - 2. Let q(x) = 11*x**2 - 2. Let z be q(3). Suppose 0 = -4*s + 9 - z. Let g be -2 - ((-8)/44 + 84/s). Determine y(g).
-12
Let x(l) = -l**3 - 2*l + 25. Let b = -71 + 71. Let y be x(b). Let m(s) = 26 - 2*s + 10 - y. Determine m(8).
-5
Let h(i) be the second derivative of i**3/6 + i**2/2 + 3669*i + 3. Let v(w) = -w**3 - 5*w**2 - 2*w + 4. Let c be v(-3). Give h(c).
-7
Let c(z) = -z**2 - 10*z + 1. Let x(y) = 8*y + 0*y**2 - 50 - 270*y**3 + 543*y**3 - 272*y**3 - 5*y**2. Let r be x(5). Determine c(r).
1
Let x = 22001 + -22002. Let g(u) = -9*u**2 - u. Give g(x).
-8
Let a be (2/(-3))/((-34)/153). Let q(p) = -p**2 + 9*p**2 - 5*p**2 + p**a - 3*p**3 + p. What is q(3)?
-24
Let p(q) = q + 10. Let b(r) = r**2 + 2*r + 31. Let l be b(-9). Suppose -3*y + 0*y = -6, 4*j - y = l. Suppose 0*u + 4*u = -j. Determine p(u).
4
Let g(o) = -o**2 + 17*o - 60. Let y be g(6). Let d(x) = -2*x**2 + 9*x - 3. Calculate d(y).
-21
Let v(z) = -19*z**2 - 6456 + 6407 - 32*z + 4*z**3 + z**3 - 4*z**3 - 8*z. Determine v(21).
-7
Let y(f) = 28 - 109 + 44 + 36 + f. Give y(14).
13
Let l(z) = 28*z - 26. Suppose -2*f - 281 = -295. Let o(m) = -19*m + 16. Let g(a) = f*o(a) + 5*l(a). What is g(4)?
10
Let a(n) be the second derivative of -n**5/20 - 7*n**4/6 - 17*n**3/6 - 28*n**2 - 6*n - 191. Determine a(-13).
-4
Suppose -5*l - 4*d = -132, l - 4*d = -2*d + 32. Let f = l - 28. Let i(b) = b + 3. Let n(o) = -2*o - 6. Let g(m) = 11*i(m) + 6*n(m). Determine g(f).
-3
Let j(s) = -186*s - 214*s - 2 + 22 + 399*s. Give j(9).
11
Let w = 61 + -81. Let p = w + 22. Let u(r) = r**3 - 2*r + 12 - 19 + 3*r**p + 3*r**2. Calculate u(-6).
5
Let c be 2 + -2 + 7/((-63)/(-18)). Let i(r) = -2 + r**3 - 391*r**2 + 392*r**c - 3 + 2. What is i(0)?
-3
Let c(g) = -13*g**3 + 1. Let p(v) = v**2 - 3*v - 4. Let y be p(-4). Suppose y = -16*w + 13*w. Let k be (-2)/1*4/w. Calculate c(k).
-12
Let l(t) = -t**2 + 3*t + 6. Let z(x) = -2*x - 3. Let v(s) = 4*l(s) + 7*z(s). Suppose 0 = -6*d + 11 + 1. Calculate v(d).
-17
Let v be (-14)/21 + 28/6. Let b(g) = -2 + 3 - v - 5*g + 4. Give b(-1).
6
Let r = -91 + 93. Let b(d) = -d**3 - 10 - 5*d - 5 + 18 - 6 + 5*d**r. Give b(4).
-7
Let w(r) be the third derivative of -r**6/60 - 7*r**5/60 - r**4/24 - r**3/3 - 983*r**2. Calculate w(-5).
78
Let o(j) = -j. Let l(g) = -7*g - 5. Let r(a) = -l(a) - 2*o(a). Let b(p) = -5*p**2 - 30*p + 356. Let k be b(-12). Calculate r(k).
-31
Let r(i) = 35*i**2 + 4*i + 1. Let d be r(2). Let b = d + -161. Let j(m) = -m**3 - 11*m**2 + 10*m - 10. What is j(b)?
14
Let l be ((-5)/(-10))/1*14. Let p(k) = k**3 + 1 - 6*k + 0*k - 10 - 6*k**2 + l. Give p(7).
5
Let t(z) = z**3 + 2*z**2 - 6*z - 7. Let m(y) = 8*y**2 + 75*y + 118. Let i be m(-2). What is t(i)?
-7
Let p(s) = 6*s - 7. Suppose 43 = -75*c + 14*c - 18. Determine p(c).
-13
Let u be (-6 - (-168)/35)/(9/(-60)). Let c(q) = -9*q - q**2 - 28 + 3*q**2 - q**2 + 25. Give c(u).
-11
Suppose 36*r + 240 = 14*r - 26*r. Let y(c) = -c**3 - 7*c**2 + 7*c + 5. Calculate y(r).
-80
Suppose 343*t = 245*t - 196. Let q(j) be the first derivative of -j**2/2 + j - 11. Calculate q(t).
3
Let a = 75 - 63. Let p(u) = -19*u - u**2 - 26*u + 4*u**2 - 4*u**2 - 6 + 57*u. Give p(a).
-6
Let g(i) be the second derivative of -5*i**3/3 - 3*i**2/2 + 1025*i. Determine g(-3).
27
Let c(a) = -5*a**3 + 4*a**3 + a + 3 - 3*a**2 + 7*a**2 - 2*a. Suppose -369 + 95 = -157*z + 354. What is c(z)?
-1
Let s be 10*(-2)/(-35) - 132/(-14). Suppose 39 = -s*d - 1. Let x(g) = g**3 + 4*g**2 - 7*g - 5. Give x(d).
23
Let g(i) be the second derivative of -i**3/6 - 3*i**2/2 + 284*i. Suppose 2*f + 3*f = -40. Determine g(f).
5
Let s(j) = j + 5. Let v(q) = 3*q + 18. Let h be v(-2). Suppose 2*z = h*z. What is s(z)?
5
Let a be (-2 + 20)/(-14 + 16). Let b(l) = l**3 - 8*l**2 - 6*l - 10. What is b(a)?
17
Let y(a) be the second derivative of a**5/20 + a**4/4 - 2*a**3/3 + 3*a**2 - 24*a - 10. What is y(-4)?
6
Let g(p) = p**2 - 6*p + 1. Let t(r) = 4*r - 13. Let u be t(-13). Let o be 334/26 - 10/u. Suppose 0 = o*s - 14*s + 4. What is g(s)?
-7
Suppose -4*r - 4*x = 24, 0*r + 5*x = r. Let v(o) = -o**2 - 7*o - 11. What is v(r)?
-1
Let a be 15 - (-2947)/(-196) - (-2 + 12/7). Let m(f) be the first derivative of -4*f**2 - 28 - a*f**4 - f - 3*f**3. Give m(-8).
-1
Let h(r) = -5*r**2 + 49*r + 12. Let t be h(10). Let d(j) = 12*j**t + 5 - j**3 - 6*j - 4*j + 8*j. Give d(12).
-19
Let u(m) be the third derivative of m**5/30 + 5*m**4/12 - 13*m**3/6 + 3*m**2 - m + 57. Determine u(-6).
-1
Let g(z) = -4 + 27 - 9 + 5*z - 6 - 7. Let t = -22 - -20. What is g(t)?
-9
Let b(y) = -y**3 - 2*y**2 - y - 18. Suppose -2 = -24*s - 4 + 2. What is b(s)?
-18
Suppose -3*f + 10*f = 11*f - 12. Let n(c) = -5*c**2 + 5*c - 3. Calculate n(f).
-33
Let j(m) = -3*m + 5. Let o = 12266 + -12276. Determine j(o).
35
Let c(j) be the third derivative of 3*j**6/40 - j**5/30 + j**3/6 - 34*j**2. Let h = -518 + 519. Calculate c(h).
8
Let j be (0 - -1) + 4/2. Let d(t) be the second derivative of 1/3*t**3 + 1/6*t**4 - 100 - 1/20*t**5 - 3*t + t**2. Determine d(j).
-1
Let j(i) be the third derivative of i**8/6720 + i**7/504 - i**5/120 + 3*i**4/2 - 5*i**2 + 4. Let z(p) be the second derivative of j(p). Determine z(-4).
15
Let g(r) = -r**2 + 9*r - 7. Suppose 18*j = -46 + 280. Suppose -11*a + j*a = 14. What is g(a)?
7
Let h(j) = -j**3 + 7*j**2 - 7*j + 4. Let p be h(6). Let k be 5/p - 5/2. Let w(c) = -c**2 - 7*c - 6. Give w(k).
4
Let l(h) = -h**3 + 2*h. Let y be 6/(-2 + -10)*0. Suppose -4*n = -3*f - 14, -f - 2*n + 2 = -y*n. Calculate l(f).
4
Let q(c) = c**2 - 11*c + 7. Let m(z) = -z**2 + 12*z - 8. Let l(x) = 5*m(x) + 6*q(x). Let v(d) = -d**2 + 6*d + 837. Let f be v(32). Determine l(f).
-3
Let q = 32913 + -32925. Let j(g) = 2*g**2 + 20*g - 23. Calculate j(q).
25
Suppose 5*s - 4*f + 55 = -7*f, -s - 48 = 8*f. Let u(a) = -2*a**2 - 17*a - 9. Determine u(s).
-1
Let s = 40 - 16. Let i(x) = -x + 28. Let j be i(s). Let k be (0 - (14 + -4)) + j. Let q(m) = -m**2 - 7*m + 1. Give q(k).
7
Let i(u) = u - 1. Suppose 9*t - 86 = -68. Suppose 5*f = -3*n - 1 - 14, t*f - 4*n + 6 = 0. Calculate i(f).
-4
Let c = 1328 + -1327. Let j(f) = -8*f**2 + 7*f + 3. Let r(t) = 12*t**2 - 10*t - 4. Let m(u) = 7*j(u) + 5*r(u). Give m(c).
4
Let i(z) = z**2 - 6*z - 25. Let s be i(-3). Let y(f) = -4*f - 18*f**3 + 2 - f**s + 3*f + 19*f**3. What is y(2)?
4
Let c(i) = -6*i**2 - 74*i - 10. Let z be (144/(-162))/(14/189). What is c(z)?
14
Let u = 176 + -180. Let d be (-14)/3 - u/6. Let s(t) = t**3 + 5*t**2 + 4*t + 6. Calculate s(d).
6
Let a(h) be the third derivative of h**4/12 - h**3/6 + h**2. Suppose 5*q = 5*o - 80, 3*q - 107 = -5*o - q. Let v = -22 + o. Give a(v).
-7
Let k(l) be the first derivative of -67*l**2 + 5*l - 11420. What is k(1)?
-129
Let p(f) = f + 13. Let r be p(3). Suppose 9*t + r = -38. Let n(m) = -2*m**2 - 9*m - 2. What is n(t)?
-20
Suppose -5*k + 24 = 4*g, -2*g - 7*k + 6 = -3*k. Suppose g*t = 9*t - 10. Let r(y) = -y**3 - 6*y**2 - 6*y. What is r(t)?
5
Let l(q) = q**3 - 2*q**2 + 5. Suppose 92*y - 321 = -15*y. Give l(y).
14
Let x(m) = -3*m**3 + 11*m**2 + 15*m - 46. Let o(h) = -47*h - 231. Let v be o(-5). Calculate x(v).
-2
Let c(x) be the second derivative of -7*x**3/6 + 3*x**2/2 + 21*x. Let w(y) = -5*y + 2. Let t(k) = 2*c(k) - 3*w(k). Give t(0).
0
Suppose -4*t - 30 = 2*a, 0 = 2*t - 3*t - 2*a - 3. Let y(p) = -293*p + 1181*p - 298*p - 294*p - 21 - 297*p. Determine y(t).
-12
Let h(d) = -38*d**2 + 6. Let z(u) = 10*u**2 + u - 1. Let c(r) = h(r) + 4*z(r). Calculate c(-3).
8
Let y(n) = 7*n**2 - 6*n + 1. Let z(t) = -t**3 + 4*t**2 + 2. Let s(m) = -y(m) + z(m). What is s(4)?
-87
Let z be ((-10)/8)/(8*5/800). Let w be (-1)/5 - z/(250/12). Let i(p) = -17*p + 1. Determine i(w).
-16
Let u(k) = -k**3 - 3*k**2 + 9*k + 9. Let n(v) = 12*v + 332. Let y be n(-28). Calculate u(y).
-11
Let z(r) be the third derivative of -r**4/12 - 19*r**3/3 - 3256*r**2. What is z(7)?
-52
Let p(u) be the third derivative of u**5/12 - u**4/8 + u**3/3 - 2155*u**